ns digit of 785059439?
8
What is the hundred thousands digit of 58195549?
1
What is the ten thousands digit of 515206684?
0
What is the ten thousands digit of 18755981?
5
What is the ten millions digit of 289503599?
8
What is the ten thousands digit of 1460992174?
9
What is the millions digit of 2775572526?
5
What is the tens digit of 95325038?
3
What is the hundred millions digit of 101220195?
1
What is the hundreds digit of 193479080?
0
What is the ten millions digit of 1067215338?
6
What is the ten millions digit of 17026673?
1
What is the hundred thousands digit of 92888940?
8
What is the hundreds digit of 75478961?
9
What is the hundred thousands digit of 3463571265?
5
What is the ten thousands digit of 81450485?
5
What is the units digit of 313930878?
8
What is the thousands digit of 187021064?
1
What is the units digit of 2161606565?
5
What is the hundreds digit of 350706753?
7
What is the ten millions digit of 3044651067?
4
What is the ten millions digit of 255736861?
5
What is the hundred thousands digit of 203153461?
1
What is the ten thousands digit of 1872555640?
5
What is the tens digit of 338965196?
9
What is the ten thousands digit of 777607005?
0
What is the thousands digit of 112278205?
8
What is the units digit of 18423905?
5
What is the ten millions digit of 329594997?
2
What is the tens digit of 26467520?
2
What is the millions digit of 85100671?
5
What is the hundred thousands digit of 179205319?
2
What is the units digit of 677908198?
8
What is the tens digit of 497087381?
8
What is the hundred millions digit of 195752359?
1
What is the millions digit of 130495388?
0
What is the hundred millions digit of 237887092?
2
What is the tens digit of 6165288?
8
What is the thousands digit of 2182443?
2
What is the ten millions digit of 409913221?
0
What is the thousands digit of 467962537?
2
What is the hundreds digit of 602263062?
0
What is the hundred thousands digit of 3331797939?
7
What is the hundreds digit of 540410402?
4
What is the units digit of 34455547?
7
What is the millions digit of 131970075?
1
What is the hundreds digit of 3522314?
3
What is the millions digit of 1150668795?
0
What is the tens digit of 582654562?
6
What is the ten millions digit of 926507675?
2
What is the ten millions digit of 63625584?
6
What is the ten thousands digit of 21188568?
8
What is the thousands digit of 104521409?
1
What is the hundreds digit of 162192474?
4
What is the units digit of 1668470099?
9
What is the ten millions digit of 551206827?
5
What is the thousands digit of 83917391?
7
What is the ten thousands digit of 134895539?
9
What is the ten millions digit of 2045017207?
4
What is the hundred thousands digit of 1306047158?
0
What is the ten millions digit of 583323623?
8
What is the hundreds digit of 66400961?
9
What is the hundred thousands digit of 166889330?
8
What is the millions digit of 662397165?
2
What is the ten millions digit of 40409879?
4
What is the ten millions digit of 44972056?
4
What is the hundred millions digit of 287807352?
2
What is the millions digit of 2008781657?
8
What is the billions digit of 2821526248?
2
What is the units digit of 10479369?
9
What is the ten millions digit of 1456556722?
5
What is the hundred thousands digit of 37339054?
3
What is the hundred millions digit of 887954634?
8
What is the ten millions digit of 206355816?
0
What is the thousands digit of 112539648?
9
What is the millions digit of 56997914?
6
What is the millions digit of 35587597?
5
What is the hundreds digit of 275003177?
1
What is the ten thousands digit of 5250217341?
1
What is the units digit of 386297810?
0
What is the units digit of 2823698313?
3
What is the tens digit of 83467740?
4
What is the ten thousands digit of 1488609823?
0
What is the ten millions digit of 59376822?
5
What is the hundred millions digit of 316646573?
3
What is the hundred millions digit of 1162095624?
1
What is the hundreds digit of 852410182?
1
What is the thousands digit of 18033652?
3
What is the millions digit of 218122754?
8
What is the ten millions digit of 130596194?
3
What is the billions digit of 2536601347?
2
What is the thousands digit of 75210589?
0
What is the hundred thousands digit of 80362682?
3
What is the ten millions digit of 230230622?
3
What is the hundred thousands digit of 225107987?
1
What is the hundred thousands digit of 1536222?
5
What is the ten millions digit of 243282113?
4
What is the millions digit of 49468037?
9
What is the tens digit of 152411860?
6
What is the ten thousands digit of 431237982?
3
What is the units digit of 45236848?
8
What is the thousands digit of 64215828?
5
What is the ten thousands digit of 2892267745?
6
What is the hundred millions digit of 390496159?
3
What is the tens digit of 88752623?
2
What is the tens digit of 705591716?
1
What is the ten millions digit of 637591971?
3
What is the hundred thousands digit of 60560741?
5
What is the units digit of 69396072?
2
What is the thousands digit of 4189159045?
9
What is the thousands digit of 45851743?
1
What is the tens digit of 705115913?
1
What is the thousands digit of 155451703?
1
What is the hundred thousands digit of 21009613?
0
What is the thousands digit of 26451182?
1
What is the hundred thousands digit of 265560364?
5
What is the hundred thousands digit of 107696960?
6
What is the ten thousands digit of 35504540?
0
What is the hundred millions digit of 375097850?
3
What is the hundred thousands digit of 7295087?
2
What is the hundred millions digit of 439676971?
4
What is the hundreds digit of 315425000?
0
What is the ten millions digit of 655715621?
5
What is the thousands digit of 259180088?
0
What is the ten thousands digit of 544571918?
7
What is the millions digit of 260008856?
0
What is the hundreds digit of 193895341?
3
What is the hundreds digit of 1353116759?
7
What is the tens digit of 5227281?
8
What is the thousands digit of 5847979872?
9
What is the hundred thousands digit of 564399035?
3
What is the ten millions digit of 499256762?
9
What is the ten thousands digit of 68505258?
0
What is the ten millions digit of 1641340027?
4
What is the hundred thousands digit of 242552402?
5
What is the hundreds digit of 7702800200?
2
What is the tens digit of 93581993?
9
What is the thousands digit of 430571694?
1
What is the hundred thousands digit of 1170251171?
2
What is the ten millions digit of 54094720?
5
What is the tens digit of 47369416?
1
What is the millions digit of 465066559?
5
What is the ten thousands digit of 2503501388?
0
What is the hundred thousands digit of 37577140?
5
What is the ten millions digit of 2385853140?
8
What is the ten thousands digit of 738053659?
5
What is the hundred thousands digit of 325180088?
1
What is the millions digit of 104586600?
4
What is the thousands digit of 14133081?
3
What is the hundred thousands digit of 25483402?
4
What is the tens digit of 160414437?
3
What is the hundred millions digit of 158846633?
1
What is the thousands digit of 89434141?
4
What is the tens digit of 548797848?
4
What is the ten thousands digit of 17451315?
5
What is the millions digit of 547278429?
7
What is the hundred thousands digit of 27281151?
2
What is the millions digit of 982895472?
2
What is the hundreds digit of 3868824182?
1
What is the units digit of 36095114?
4
What is the hundred thousands digit of 364368193?
3
What is the millions digit of 1895122733?
5
What is the thousands digit of 346407443?
7
What is the hundred millions digit of 6979831866?
9
What is the millions digit of 3599690232?
9
What is the thousands digit of 3958292047?
2
What is the hundreds digit of 72207321?
3
What is the hundred thousands digit of 851079470?
0
What is the hundred millions digit of 134811381?
1
What is the ten thousands digit of 1328118863?
1
What is the millions digit of 202421835?
2
What is the ten millions digit of 1102109147?
0
What is the ten thousands digit of 58779723?
7
What is the hundred thousands digit of 95114391?
1
What is the thousands digit of 19294348?
4
What is the hundreds digit of 431232658?
6
What is the hundreds digit of 1427027825?
8
What is the thousands digit of 772909994?
9
What is the thousands digit of 213493157?
3
What is the hundreds digit of 43505402?
4
What is the millions